greatest common divisor of 66 and a?
6
Suppose 0 = 8*j - 3*j - 3*n - 46, 36 = 3*j + n. What is the highest common factor of 22 and j?
11
Let s(z) = -3*z - 2 + 5*z - 5*z - 5*z. Suppose 3*a + 12 = -0. Let x be s(a). What is the highest common divisor of 12 and x?
6
Let o be (-565)/(-15) - (-2)/6. Suppose w - 50 - 64 = 0. Suppose -4*z = -6*z - q + w, 0 = 4*q. What is the greatest common factor of o and z?
19
Let f be (1 - (3 - 0)) + 5. Suppose -5*t + 48 = -3*a, -2*t - f*t + 2*a + 52 = 0. Let y be 8*((-46)/(-4) - 1). What is the greatest common factor of t and y?
12
Suppose 0 = -n + 2. Suppose 2*y - 2*a - a = 0, 2*y = -a + 16. Let z be 62/y - n/6. What is the greatest common divisor of 110 and z?
10
Let j(m) be the first derivative of -47*m**2/2 - m - 6. Let y be j(-3). What is the highest common divisor of y and 20?
20
Let k be (-3)/(-3) - (-2 + -19). Calculate the greatest common divisor of k and 2.
2
Suppose 3*o = -3*a + 12, 3*o = -a + 5*a + 12. Suppose 4*m + 55 = 5*f, -m - 60 = -3*f - o*m. What is the greatest common factor of 5 and f?
5
Let b be (35/10)/(1/2). Suppose -3*v - 2*v + 175 = 0. Calculate the highest common factor of b and v.
7
Suppose -140 = 4*t - 6*t. What is the highest common divisor of t and 28?
14
Let o(u) = u**2 + u - 4. Let d be (-5)/(-2)*30/25. Let w be o(d). Calculate the greatest common factor of w and 24.
8
Let q(s) = -6*s - 6. Let a be 0 + 3*(-8)/6. Let t be q(a). What is the greatest common factor of t and 162?
18
Suppose -2*n - 3*z + 1 - 4 = 0, -11 = -n + z. Suppose n*x = x. Suppose -c + 4*q = -x*q - 84, 5*c = -q + 441. Calculate the highest common factor of c and 11.
11
Suppose -3*q = 4 - 16. Suppose 0 = 3*o - t - 16 - 113, q*o = 5*t + 161. Let l(r) = 21*r**2 + 1. Let s be l(1). What is the highest common divisor of s and o?
22
Let k = -8 - -11. Let l(r) = -r**3 + 5*r**2 - 3. Let b be l(5). Let x(a) = -3*a + 3. Let o be x(b). What is the highest common divisor of k and o?
3
Let f be (6/(-10))/((-2)/310). Let i be 2/((-273)/f + 3). Suppose 2*u = i + 5. What is the greatest common divisor of u and 9?
9
Suppose 6*s - 5 = s. What is the highest common divisor of s and 1?
1
Let x = 9 + -3. Let w = 116 - x. Suppose -36 = -3*g + 5*b + 94, -3*g + w = 5*b. Calculate the highest common factor of g and 10.
10
Let z(s) = -s**2 + 4*s + 1. Let b be z(4). Let x(p) = -p**2 - 9*p - 7. Let i be x(-6). What is the highest common factor of i and b?
1
Suppose -4*n + 3*w - 39 = -123, w - 50 = -3*n. Let b be (-116)/(-6) + 4/6. Let z = b - -16. What is the greatest common factor of z and n?
18
Suppose 16 = m - 0*m - 5*r, -3*m - 5*r + 48 = 0. Let d = 856 - 341. Suppose 0 = 2*i - d + 163. Calculate the highest common divisor of i and m.
16
Let t(s) = 13*s**2 + 6*s + 1. Let p(n) = n**2 + n + 1. Let a(l) = -3*p(l) + t(l). Let u be a(2). Calculate the greatest common factor of 4 and u.
4
Suppose -17 - 37 = -2*v. Let y(w) = w - 6. Let q be y(15). What is the highest common factor of q and v?
9
Let m(v) = -v**3 - 20*v**2 + 33. Let i be m(-20). Calculate the greatest common factor of i and 33.
33
Let y = -57 + 91. Calculate the highest common divisor of 51 and y.
17
Let f be 6*1*(0 - 1). Let p(y) = -2*y + 1. Let b be p(f). Let l(u) = 137*u + 6. Let h be l(1). Calculate the highest common divisor of h and b.
13
Suppose -5*x = -5*r + 80, -88 = -4*r - r + 3*x. What is the greatest common factor of r and 80?
20
Suppose 5*b + 4*a - 1 = 0, -4*b + 3*a = -3*b - 4. Let w be (b - 3)/((-6)/27). Calculate the highest common factor of 63 and w.
9
Let j be 146/9 - (-4)/(-18). Suppose 0 = 5*m + 15, 53 = 3*v + m - j. What is the greatest common factor of v and 12?
12
Let j be 217/21 + 1/(-3). What is the greatest common divisor of j and 2?
2
Let u = -4 + -1. Let m be (-2)/((-6)/u)*-99. What is the highest common factor of m and 15?
15
Let o be (-1 + 3/15)/((-1)/5). What is the highest common factor of 2 and o?
2
Let f be (-76)/(-10) + 2/5. Suppose -5*c = -7*c + 4. Suppose -288 = -2*p - c*p. Calculate the greatest common divisor of p and f.
8
Let z = -8 + 13. Suppose z*m = 2*c - 29, -4*c + 0*m + m = -13. Suppose -3*b + 22 = 2*h, c*h - 4*b + b = -2. What is the greatest common factor of 5 and h?
5
Suppose 5*s - 2*p - 128 = -3*p, -5*p = s - 16. Suppose x = s + 82. What is the greatest common factor of x and 12?
12
Let o = 177 - 174. Suppose -t = p - 35, 5*t + 83 = -3*p + 254. What is the highest common factor of t and o?
3
Suppose 0 = 5*v + y - 8 - 1, 2*y = -v. Suppose v*r - 7*r = -950. Let w be (-1)/(-1*(-1)/(-19)). What is the greatest common factor of r and w?
19
Let p(z) = -z**3 - 9*z**2 - 19*z + 4. Let o be p(-6). Calculate the greatest common factor of o and 20.
10
Suppose -5*c + 19 = -26. Suppose 185 = 5*d + 2*m, -15 = -d - 3*m + c. Calculate the highest common divisor of d and 13.
13
Let m(n) = -n**2 + 7*n - 1. Suppose -2*y + 16 - 6 = 0. Let u be m(y). Calculate the highest common divisor of 3 and u.
3
Suppose 4*m - 4*k = 68, -2*m - 4*k + 22 = -6. What is the greatest common factor of 128 and m?
16
Suppose 3*b - 71 = 2*l, -2*l - 11 = -b + 62. Let g = -25 - l. What is the highest common factor of 24 and g?
12
Let h be (4/(-6))/(-1)*-3. Let k be 2 - 28/2*h. What is the highest common factor of 75 and k?
15
Let j be (-44)/(((-30)/3)/5). What is the highest common factor of j and 242?
22
Let i be (-2)/6*(-45 - -9). Calculate the greatest common divisor of 60 and i.
12
Let x(r) = -r**2 + 8*r - 7. Let v be x(7). Suppose 3 + 3 = 2*g. Suppose -g*m + 0 + 24 = v. What is the greatest common factor of m and 8?
8
Let k = 6 - -3. Suppose 0 = -2*a - 4*c + 24, -c = -4*a + 5*a - k. Suppose -6*t + 2*t + 138 = -m, a = 3*m. What is the highest common factor of t and 14?
7
Suppose 0 = 2*x - 3*x - 10. Let b = x + 14. Let v(u) = 12*u. Let n be v(b). What is the greatest common divisor of 32 and n?
16
Let h = -76 + 48. Let u be (-3)/4*(h + -12). What is the greatest common divisor of u and 10?
10
Let a = 2 - 4. Let u be ((-54)/3)/a + 1. What is the highest common factor of 4 and u?
2
Let n = 0 - 11. Let r = n + 15. What is the highest common divisor of 4 and r?
4
Let f = 29 - 15. Let h(o) = 5*o**2 - o - 1. Let m be h(-2). Calculate the greatest common divisor of m and f.
7
Let n be 5*-2*2/(-4). Suppose -2*k + h = -25, -2*h = 5*k + 26 - 111. What is the greatest common divisor of n and k?
5
Let k be 2/(-4)*-26*22. What is the greatest common factor of k and 26?
26
Suppose 0*v - 2*m + 72 = 4*v, 0 = -2*v - 3*m + 40. Suppose 0 = o + q - v, 5*o + 11 = -q + 76. What is the highest common factor of 108 and o?
12
Let g be -4 - ((1 - 1) + -1). Let t be ((-2)/(-2) + -56)*g. Suppose -2*u = -5*u + t. What is the greatest common divisor of 5 and u?
5
Suppose -4*q = -2*o + 32, -73 = -2*o - 5*q - 5. What is the highest common divisor of o and 36?
12
Let y = 15 - -2. Suppose -4*s - 3*b + 18 = 0, -2 = 4*b - 5*b. Suppose -5*q + 6 = -t - y, -s*q + 15 = 0. Calculate the greatest common divisor of 16 and t.
2
Let w = -5 - -12. Let a(j) be the third derivative of j**5/60 - 5*j**4/24 - j**3/2 - 2*j**2. Let f be a(w). Calculate the highest common divisor of f and 11.
11
Let q = 12 - 20. Let v(m) = -m**2 - 9*m. Let n be v(q). Calculate the greatest common factor of 72 and n.
8
Let s = -8 - -88. Suppose -5*i = 5*l - 40, 2*l - 5*i - 48 + 18 = 0. What is the greatest common divisor of s and l?
10
Suppose h + 4*h - 107 = 2*b, -h = 3*b - 18. Let u be 1 + -2 + (-1)/1. Let o be (-112)/h*3/u. Calculate the highest common divisor of o and 12.
4
Suppose -2*m - 15 = m. Let f be (-1)/m + 2232/40. Calculate the greatest common factor of f and 7.
7
Let j = 64 + -123. Let u = j - -194. Calculate the highest common factor of u and 15.
15
Let h be (-1)/((-1)/((-22)/(-2))). Let d = -23 + 34. Calculate the greatest common divisor of h and d.
11
Let y be 6*2 - (6 - 4). What is the greatest common factor of y and 5?
5
Let g be (-70)/8 + (-5)/20. Let n be (-272)/(-3)*g/(-6). What is the greatest common divisor of n and 17?
17
Let c = -46 + 66. Suppose -4*j - 232 = -4*s, 0*s - 5*s - j + 302 = 0. Calculate the greatest common factor of c and s.
20
Suppose -4*o - o - 2*u + 2118 = 0, 4*u + 4 = 0. Let a = o + -244. Suppose -2*z = 2*z - a. What is the greatest common factor of z and 18?
9
Let u = 689 - 476. Suppose 3*b + 37 = -